{"id":153,"date":"2015-10-24T09:03:07","date_gmt":"2015-10-24T08:03:07","guid":{"rendered":"https:\/\/ecole-stjoseph-fresnay.fr\/?page_id=153"},"modified":"2015-10-24T11:23:33","modified_gmt":"2015-10-24T10:23:33","slug":"liens-utiles","status":"publish","type":"page","link":"https:\/\/ecole-stjoseph-fresnay.fr\/?page_id=153","title":{"rendered":"Liens utiles"},"content":{"rendered":"<p><a href=\"http:\/\/fresnayenretz.fr\">Mairie de Fresnay en Retz (services d&#8217;accueil de p\u00e9riscolaire, de loisirs, de TAP et de restauration)<\/a><\/p>\n<p><a href=\"http:\/\/ec44.fr\">Enseignement Catholique de Loire Atlantique DDEC<\/a><\/p>\n<p><a href=\"http:\/\/ia44.ac-nantes.fr\">Inspection Acad\u00e9mique de Loire Atlantique<\/a><\/p>\n<p><a href=\"http:\/\/apel.fr\">APEL<\/a><\/p>\n<p><a href=\"http:\/\/www.udogec44.org\">UDOGEC<\/a><\/p>\n<p><a href=\"http:\/\/www.saintjoseph-machecoul.fr\">Coll\u00e8ge et Lyc\u00e9e Saint Joseph \u00e0 Machecoul<\/a><\/p>\n","protected":false},"excerpt":{"rendered":"<p>Mairie de Fresnay en Retz (services d&#8217;accueil de p\u00e9riscolaire, de loisirs, de TAP et de restauration) Enseignement Catholique de Loire Atlantique DDEC Inspection Acad\u00e9mique de Loire Atlantique APEL UDOGEC Coll\u00e8ge et Lyc\u00e9e Saint Joseph \u00e0 Machecoul<\/p>\n","protected":false},"author":2,"featured_media":0,"parent":0,"menu_order":0,"comment_status":"closed","ping_status":"closed","template":"","meta":{"ngg_post_thumbnail":0,"footnotes":""},"class_list":["post-153","page","type-page","status-publish","hentry"],"_links":{"self":[{"href":"https:\/\/ecole-stjoseph-fresnay.fr\/index.php?rest_route=\/wp\/v2\/pages\/153","targetHints":{"allow":["GET"]}}],"collection":[{"href":"https:\/\/ecole-stjoseph-fresnay.fr\/index.php?rest_route=\/wp\/v2\/pages"}],"about":[{"href":"https:\/\/ecole-stjoseph-fresnay.fr\/index.php?rest_route=\/wp\/v2\/types\/page"}],"author":[{"embeddable":true,"href":"https:\/\/ecole-stjoseph-fresnay.fr\/index.php?rest_route=\/wp\/v2\/users\/2"}],"replies":[{"embeddable":true,"href":"https:\/\/ecole-stjoseph-fresnay.fr\/index.php?rest_route=%2Fwp%2Fv2%2Fcomments&post=153"}],"version-history":[{"count":3,"href":"https:\/\/ecole-stjoseph-fresnay.fr\/index.php?rest_route=\/wp\/v2\/pages\/153\/revisions"}],"predecessor-version":[{"id":161,"href":"https:\/\/ecole-stjoseph-fresnay.fr\/index.php?rest_route=\/wp\/v2\/pages\/153\/revisions\/161"}],"wp:attachment":[{"href":"https:\/\/ecole-stjoseph-fresnay.fr\/index.php?rest_route=%2Fwp%2Fv2%2Fmedia&parent=153"}],"curies":[{"name":"wp","href":"https:\/\/api.w.org\/{rel}","templated":true}]}}