{"id":130,"date":"2015-10-24T08:26:43","date_gmt":"2015-10-24T07:26:43","guid":{"rendered":"https:\/\/ecole-stjoseph-fresnay.fr\/?page_id=130"},"modified":"2016-12-02T16:31:11","modified_gmt":"2016-12-02T15:31:11","slug":"enseignement-religieux","status":"publish","type":"page","link":"https:\/\/ecole-stjoseph-fresnay.fr\/?page_id=130","title":{"rendered":"Enseignement religieux"},"content":{"rendered":"<p><span style=\"color: #3a8787;\">L&#8217;\u00e9cole\u00a0Saint Joseph est une \u00e9cole priv\u00e9e de confession catholique et \u00e0 ce titre, <strong><span style=\"color: #99cc00;\"><em>l&#8217;\u00e9veil \u00e0 la foi, la cat\u00e9ch\u00e8se et la culture chr\u00e9tienne<\/em><\/span><\/strong> sont propos\u00e9s aux \u00e9l\u00e8ves de l&#8217;\u00e9cole \u00e0 raison d&#8217;une heure \u00a0hebdomadaire.<\/span><\/p>\n<ul style=\"list-style-type: circle;\">\n<li><span style=\"color: #3a8787;\"><strong><span style=\"color: #99cc00;\"><em>L&#8217;\u00e9veil \u00e0 la foi<\/em><\/span><\/strong> concerne les plus jeunes, de la maternelle au CE1. Il est dispens\u00e9 par l&#8217;enseignante ou par une personne b\u00e9n\u00e9vole.\u00a0<\/span><\/li>\n<\/ul>\n<p><span style=\"color: #3a8787;\">Pour les \u00e9l\u00e8ves du CE2 au CM2, un choix est propos\u00e9:<\/span><\/p>\n<ul style=\"list-style-type: circle;\">\n<li><span style=\"color: #3a8787;\"><span style=\"color: #99cc00;\"><strong><em>La cat\u00e9ch\u00e8se <\/em><\/strong><\/span>est<em>\u00a0<\/em>en lien avec le parcours cat\u00e9ch\u00e9tique d\u00e9cid\u00e9 dans la paroisse &#8220;Sainte Croix en Retz&#8221;. Elle est dispens\u00e9e par des personnes impliqu\u00e9es dans leur foi (enseignants, parents, b\u00e9n\u00e9voles&#8230;) qui utilisent pour\u00a0support les livrets de Nathana\u00ebl. L&#8217;inscription \u00e0 la cat\u00e9ch\u00e8se donne droit \u00e0 l&#8217;acc\u00e8s aux sacrements: bapt\u00eame, pardon, eucharistie (premi\u00e8re communion).<\/span><\/li>\n<li><span style=\"color: #3a8787;\"><strong><span style=\"color: #99cc00;\"><em>La culture chr\u00e9tienne<\/em><\/span><\/strong> ne n\u00e9cessite pas une adh\u00e9sion \u00e0 la foi. Elle vise \u00e0 transmettre des connaissances sur une culture qui a profond\u00e9ment influenc\u00e9 notre soci\u00e9t\u00e9 dans tous les domaines (art, litt\u00e9rature, histoire&#8230;). La culture chr\u00e9tienne est dispens\u00e9e par un enseignant qui prend appui sur le parcours &#8220;Anne et L\u00e9o&#8221; qui se d\u00e9cline sur trois ann\u00e9es \u00e0 raison d&#8217;un fichier \u00e9l\u00e8ve par an.\u00a0<\/span><\/li>\n<\/ul>\n<p>&nbsp;<\/p>\n","protected":false},"excerpt":{"rendered":"<p>L&#8217;\u00e9cole\u00a0Saint Joseph est une \u00e9cole priv\u00e9e de confession catholique et \u00e0 ce titre, l&#8217;\u00e9veil \u00e0 la foi, la cat\u00e9ch\u00e8se et la culture chr\u00e9tienne sont propos\u00e9s aux \u00e9l\u00e8ves de l&#8217;\u00e9cole \u00e0 raison d&#8217;une heure \u00a0hebdomadaire. L&#8217;\u00e9veil \u00e0 la foi concerne les plus jeunes, de la maternelle au CE1. Il est dispens\u00e9 par l&#8217;enseignante ou par une&hellip; <br \/> <a class=\"read-more\" href=\"https:\/\/ecole-stjoseph-fresnay.fr\/?page_id=130\">Lire la suite<\/a><\/p>\n","protected":false},"author":2,"featured_media":0,"parent":0,"menu_order":0,"comment_status":"closed","ping_status":"closed","template":"","meta":{"ngg_post_thumbnail":0,"footnotes":""},"class_list":["post-130","page","type-page","status-publish","hentry"],"_links":{"self":[{"href":"https:\/\/ecole-stjoseph-fresnay.fr\/index.php?rest_route=\/wp\/v2\/pages\/130","targetHints":{"allow":["GET"]}}],"collection":[{"href":"https:\/\/ecole-stjoseph-fresnay.fr\/index.php?rest_route=\/wp\/v2\/pages"}],"about":[{"href":"https:\/\/ecole-stjoseph-fresnay.fr\/index.php?rest_route=\/wp\/v2\/types\/page"}],"author":[{"embeddable":true,"href":"https:\/\/ecole-stjoseph-fresnay.fr\/index.php?rest_route=\/wp\/v2\/users\/2"}],"replies":[{"embeddable":true,"href":"https:\/\/ecole-stjoseph-fresnay.fr\/index.php?rest_route=%2Fwp%2Fv2%2Fcomments&post=130"}],"version-history":[{"count":4,"href":"https:\/\/ecole-stjoseph-fresnay.fr\/index.php?rest_route=\/wp\/v2\/pages\/130\/revisions"}],"predecessor-version":[{"id":558,"href":"https:\/\/ecole-stjoseph-fresnay.fr\/index.php?rest_route=\/wp\/v2\/pages\/130\/revisions\/558"}],"wp:attachment":[{"href":"https:\/\/ecole-stjoseph-fresnay.fr\/index.php?rest_route=%2Fwp%2Fv2%2Fmedia&parent=130"}],"curies":[{"name":"wp","href":"https:\/\/api.w.org\/{rel}","templated":true}]}}

<p><span style="color: #3a8787;">L&#8217;école Saint Joseph est une école privée de confession catholique et à ce titre, <strong><span style="color: #99cc00;"><em>l&#8217;éveil à la foi, la catéchèse et la culture chrétienne</em></span></strong> sont proposés aux élèves de l&#8217;école à raison d&#8217;une heure  hebdomadaire.</span></p>
<ul style="list-style-type: circle;">
<li><span style="color: #3a8787;"><strong><span style="color: #99cc00;"><em>L&#8217;éveil à la foi</em></span></strong> concerne les plus jeunes, de la maternelle au CE1. Il est dispensé par l&#8217;enseignante ou par une personne bénévole. </span></li>
</ul>
<p><span style="color: #3a8787;">Pour les élèves du CE2 au CM2, un choix est proposé:</span></p>
<ul style="list-style-type: circle;">
<li><span style="color: #3a8787;"><span style="color: #99cc00;"><strong><em>La catéchèse </em></strong></span>est<em> </em>en lien avec le parcours catéchétique décidé dans la paroisse &#8220;Sainte Croix en Retz&#8221;. Elle est dispensée par des personnes impliquées dans leur foi (enseignants, parents, bénévoles&#8230;) qui utilisent pour support les livrets de Nathanaël. L&#8217;inscription à la catéchèse donne droit à l&#8217;accès aux sacrements: baptême, pardon, eucharistie (première communion).</span></li>
<li><span style="color: #3a8787;"><strong><span style="color: #99cc00;"><em>La culture chrétienne</em></span></strong> ne nécessite pas une adhésion à la foi. Elle vise à transmettre des connaissances sur une culture qui a profondément influencé notre société dans tous les domaines (art, littérature, histoire&#8230;). La culture chrétienne est dispensée par un enseignant qui prend appui sur le parcours &#8220;Anne et Léo&#8221; qui se décline sur trois années à raison d&#8217;un fichier élève par an. </span></li>
</ul>
<p>&nbsp;</p>

<p>L&#8217;école Saint Joseph est une école privée de confession catholique et à ce titre, l&#8217;éveil à la foi, la catéchèse et la culture chrétienne sont proposés aux élèves de l&#8217;école à raison d&#8217;une heure  hebdomadaire. L&#8217;éveil à la foi concerne les plus jeunes, de la maternelle au CE1. Il est dispensé par l&#8217;enseignante ou par une&hellip; <br /> <a class="read-more" href="https://ecole-stjoseph-fresnay.fr/?page_id=130">Lire la suite</a></p>
